composite number?
True
Is 48109967 prime?
True
Is 41266801 prime?
False
Is 16419251 prime?
False
Is 715583 a composite number?
True
Is 256940599 prime?
False
Is 76351259 a composite number?
False
Is 5181601 a prime number?
False
Is 403125847 composite?
False
Is 96763819 a composite number?
False
Is 554269 a composite number?
False
Is 16428979 a prime number?
False
Is 2253341 a composite number?
False
Is 27795203 composite?
True
Is 2385497 composite?
True
Is 59462257 a prime number?
False
Is 267575909 prime?
False
Is 24726151 a prime number?
True
Is 31437319 a prime number?
True
Is 1429143 prime?
False
Is 146053747 a composite number?
True
Is 202878227 prime?
True
Is 14286754 a composite number?
True
Is 47647057 composite?
False
Is 9061957 a composite number?
False
Is 91687238 prime?
False
Is 3943283 prime?
True
Is 31240619 prime?
False
Is 129738967 a prime number?
True
Is 1356953 composite?
True
Is 1031557 prime?
False
Is 2447657 a prime number?
False
Is 10158053 prime?
True
Is 5327981 a prime number?
False
Is 46497967 prime?
False
Is 9486067 a prime number?
True
Is 2049263 a composite number?
False
Is 1019761 a composite number?
True
Is 618199 a composite number?
False
Is 44487997 a composite number?
True
Is 157962577 prime?
False
Is 28543843 prime?
True
Is 24279407 a composite number?
True
Is 141942083 prime?
True
Is 317577619 prime?
False
Is 17206997 composite?
False
Is 41216467 a composite number?
False
Is 15476961 a composite number?
True
Is 26096183 a composite number?
True
Is 3907481 prime?
True
Is 399563 composite?
True
Is 129026 prime?
False
Is 546768389 prime?
True
Is 59905873 composite?
False
Is 13968341 a composite number?
False
Is 46670719 a prime number?
False
Is 379141 prime?
False
Is 5143073 prime?
False
Is 78213049 prime?
True
Is 1491679 prime?
False
Is 3596077 prime?
False
Is 673451 composite?
False
Is 40159 prime?
False
Is 94275107 a composite number?
False
Is 45987863 a composite number?
True
Is 3575959 a composite number?
False
Is 254972777 composite?
False
Is 68250697 a prime number?
False
Is 4017739 a composite number?
True
Is 7252189 a prime number?
False
Is 8350457 prime?
True
Is 11663287 a composite number?
False
Is 6769753 composite?
True
Is 47624341 a composite number?
False
Is 1375669 prime?
True
Is 1836011 a prime number?
True
Is 24139369 composite?
False
Is 2611333 prime?
False
Is 25785341 prime?
False
Is 26534951 a composite number?
False
Is 2473907 prime?
True
Is 16265393 a prime number?
False
Is 95573239 a prime number?
True
Is 3494654 a prime number?
False
Is 186659359 a composite number?
True
Is 5482437 a composite number?
True
Is 1600153 a composite number?
False
Is 10073029 a prime number?
True
Is 2591013 prime?
False
Is 165993715 composite?
True
Is 1595626 a prime number?
False
Is 174959 prime?
True
Is 98235391 a prime number?
True
Is 264593059 prime?
True
Is 42065291 composite?
True
Is 1138164001 a composite number?
True
Is 28899239 a composite number?
True
Is 216433241 prime?
True
Is 11490343 a prime number?
True
Is 60270929 prime?
True
Is 13127603 composite?
False
Is 70433173 a composite number?
False
Is 91828949 composite?
True
Is 2402639 prime?
True
Is 53795227 a composite number?
True
Is 80120177 a composite number?
False
Is 47073619 a composite number?
False
Is 296315 a composite number?
True
Is 4993517 a prime number?
True
Is 28060619 prime?
True
Is 17844461 a prime number?
True
Is 4095857 a composite number?
False
Is 2703373 a prime number?
True
Is 100964341 composite?
True
Is 14695193 composite?
False
Is 10505281 a composite number?
False
Is 4954631 a prime number?
False
Is 17742169 a prime number?
False
Is 27004391 a composite number?
True
Is 18104287 composite?
False
Is 97447555 a composite number?
True
Is 2194513 composite?
True
Is 13679693 composite?
False
Is 77116019 prime?
True
Is 14701169 a composite number?
True
Is 10977271 composite?
True
Is 80439113 a prime number?
True
Is 2146367 a prime number?
True
Is 1413767 composite?
True
Is 176926819 a composite number?
True
Is 17314969 a prime number?
False
Is 7767971 a prime number?
False
Is 381002585 prime?
False
Is 12885563 composite?
True
Is 7399261 a composite number?
True
Is 33866801 a composite number?
False
Is 41894443 composite?
True
Is 23007317 prime?
False
Is 143088431 a prime number?
False
Is 217827982 a prime number?
False
Is 11975683 a composite number?
False
Is 3432206 a composite number?
True
Is 1345801 a composite number?
True
Is 372871 a composite number?
False
Is 330997 a prime number?
True
Is 1049857 a composite number?
False
Is 10688179 a composite number?
True
Is 6178097 prime?
False
Is 45335891 prime?
False
Is 248395769 prime?
True
Is 38935979 a prime number?
True
Is 57382901 a prime number?
True
Is 440211007 a prime number?
False
Is 2669593 a prime number?
False
Is 63599197 a composite number?
True
Is 218831 a composite number?
True
Is 2728079 a prime number?
True
Is 3603251 composite?
False
Is 148375837 a prime number?
True
Is 699617 prime?
True
Is 305516513 a prime number?
True
Is 64583251 composite?
False
Is 20443043 prime?
False
Is 177614287 a prime number?
True
Is 132925607 a composite number?
False
Is 4187849 a prime number?
False
Is 13804611 a composite number?
True
Is 8733649 a prime number?
True
Is 3508471 composite?
False
Is 2763931 a composite number?
False
Is 172673 prime?
True
Is 230225821 a composite number?
True
Is 119975017 prime?
True
Is 203309761 a prime number?
False
Is 173088191 composite?
False
Is 1066357 prime?
False
Is 191107977 a composite number?
True
Is 330301 prime?
False
Is 296729 prime?
True
Is 26307737 a composite number?
False
Is 18671 a prime number?
True
Is 86455 prime?
False
Is 1254913 composite?
True
Is 17399 prime?
False
Is 75787403 a prime number?
False
Is 29029157 a composite number?
True
Is 198576787 composite?
False
Is 3460217 composite?
False
Is 747521 prime?
True
Is 501748771 a prime number?
True
Is 4127359 composite?
False
Is 4284947 a prime number?
False
Is 4135162 a composite number?
True
Is 2081129 a prime number?
True
Is 13327283 a composite number?
True
Is 101759503 prime?
True
Is 5811599 composite?
False
Is 3463931 a composite number?
True
Is 73106393 composite?
True
Is 25029223 composite?
True
Is 63836681 composite?
False
Is 177977783 a prime number?
False
Is 17104891 prime?
True
Is 53144891 a prime number?
True
Is 35841541 a prime number?
True
Is 396232211 a composite number?
False
Is 1919549 a composite number?
False
Is 104703931 composite?
False
Is 460373 composite?
False
Is 58534053 a prime number?
False
Is 329101267 composite?
True
Is 57425631 composite?
True
Is 24059393 a prime number?
False
Is 902700577 a prime number?
False
Is 709351817 a prime number?
False
Is 4925573 a prime number?
True
Is 2993911 prime?
False
Is 21871283 a prime number?
False
Is 81880867 prime?
True
Is 16546553 a prime number?
True
Is 130590983 prime?
True
Is 5188723 composite?
True
Is 3131291 a composite number?
True
Is 975133 prime?
True
Is 14003231 a composite number?
True
Is 3358123 a prime number?
True
Is 1828858 prime?
False
Is 494335 a prime number?
False
Is 2579051 composite?
False
Is 17334929 composite?
False
Is 14345582 prime?
False
Is 423638603 a prime number?
False
Is 35655311 a composite number?
True
Is 5092541 composite?
False
Is 8511787 a prime number?
True
Is 146588141 prime?
False
Is 16873211 a prime number?
False
Is 4467251 a composite number?
True
Is 40786039 composite?
True
Is 626529 a composite number?
True
Is 2389463 prime?
True
Is 4674152137 a prime number?
True
Is 83471 a composite number?
False
Is 816279 a prime number?
False
Is 146407 prime?
True
Is 1767737 composite?
False
Is 326702677 composite?
True
Is 281424326 a prime number?
False
Is 1492899 composite?
True
Is 234002231 a composite number?
True
Is 587638027 a prime number?
False
Is 219087751 composite?
False
Is 8797541 a prime number?
True
Is 65024741 a prime number?
True
Is 63867163 prime?
True
Is 1078733 a prime number?
True
Is 13585711 a composite number?
True
Is 10378531 prime?
True
Is 76085 a composite number?
True
Is 6912049 a prime number?
True
Is 80561651 a prime number?
False
Is 7457759 a composite number?
False
Is 34317511 a composite number?
False
Is 2046893 a composite number?
False
Is 1743629 a